
Evaluate -41 - (3 - (-8 - (-8 - 9))).
-35
309 + -295 + 7 + 1
22
What is (1 - 2) + (-4 - (8 - 6)) + -1?
-8
-34 + 33 - (9 + 0)
-10
Evaluate -89 + 85 + -1 + -1 + -5 - -3.
-8
11 + -10 - ((6 - 3) + 6)
-8
Calculate -1 + 0 - 5 - (65 + -65 + 16).
-22
Calculate 21 + (12 - 5) + -6 + -7 + 0.
15
What is 33 + (13 - -23 - 73)?
-4
-2 + -6 + (-8 - (-6 - 7))
-3
Calculate (19 - (7 - 6 - -11)) + -6.
1
What is the value of 0 - 5 - (-7 - 18 - -26) - -28?
22
Calculate -2 + (-3 - 3) + -2 - (-80 + 89).
-19
What is (-51 - -29 - -21) + 2 + -2?
-1
Calculate -38 + -2 + (144 - 138).
-34
-7 - 16 - (-9 + -11)
-3
Calculate (-1 - 0) + (116 - 115) - (-14 - 0).
14
(3 + 23 - 16) + 1 + -6 - 11
-6
Calculate (0 - -3 - (5 - -25)) + (66 - 59).
-20
What is the value of (-48 - -47) + (0 - (3 - 1)) + 5?
2
-8 - (1 + (-3 - -1)) - (-590 + 591)
-8
Evaluate 30 + (15 - (32 - -5)).
8
What is 1 - -25 - (25 + -17 - (14 - 9))?
23
What is the value of (-7 - 0 - (-7 - (1 + 1))) + -7?
-5
What is 0 + 49 - ((72 - 23) + -30)?
30
Calculate -148 + 150 + (-17 + 2 - 0 - -4).
-9
What is the value of 1 + -9 + -45 + 66 + -24?
-11
Evaluate (5 - (8 - 3)) + -2 + -4.
-6
What is -5 + (8 - 8) + 5?
0
What is -9 - (5 + -2 + 2 - (-250 - -252))?
-12
(7 + -13 - -12) + -17 - (1 + 0)
-12
Calculate 0 - (7 + -1 + -27 + (-29 - -38)).
12
What is the value of (22 - 22) + 7 + -6 + -3 + 2?
0
Calculate 2 + (6 - (-5 - 3)) + -6 + -7.
3
Calculate 3 - ((-3 + 9 - 11) + -7) - 5.
10
Calculate 15 - (-5 - (-5 - (8 + -1 - 2))).
10
What is the value of (-44 - (25 - 64)) + 41?
36
What is 3 + -16 - (65 + -97)?
19
Calculate -6 - (-4 + 0 + 2 + -6 + 17).
-15
Calculate 6 - (-30 - (-39 + 18)).
15
Calculate 6840 + -6841 + (0 - -28 - 1).
26
Evaluate (505 - 508) + (2 - -36).
35
What is (-95 - -92) + (-8 - 1)?
-12
What is -13 - (-6 + 4 + (-1 - 1 - 0))?
-9
26 - 13 - (9 - (0 + -5))
-1
What is -1 + 12 + (6 - 12) + 5?
10
What is the value of -25 + -11 + 44 - ((-26 - 2) + 1)?
35
Evaluate (19 - ((2 - 4) + 12)) + 0.
9
-23 + -4 + 15 + -2
-14
Evaluate -102 + 90 + 4 + -2 - -5.
-5
-4462 + 4448 - (2 + -8 + 0)
-8
Evaluate 6 + -12 + -1 + 8 + 1.
2
Evaluate -185 + 143 + 20 + -1.
-23
What is the value of -8 - 6 - (-1 + 0 + -1) - -2?
-10
What is the value of -4 + (-4 - -10 - (19 - 11))?
-6
-12 + (-6 - -7) + (-2 - (-6 + 1))
-8
Evaluate (20 - 11) + -3 - 27 - (2 - 8).
-15
Calculate -11 + -7 + 9 + 0 - -7.
-2
What is the value of 9 - (-21 + 37 - (5 - 4))?
-6
Calculate 8 + 5 + -8 + -6 + (1 - -26).
26
Calculate 8 - (-10 + 4 + -6 + (6 - 2)).
16
Evaluate -7 + -1 + (-1 - -2) + -15 + 18.
-4
What is 3 + 9 + -10 + -8?
-6
What is the value of -24 - -8 - (64 - 108)?
28
What is -49 + 28 - (-29 + 11)?
-3
What is the value of -16 + (-2 - 0) + 1 + 85 + -89?
-21
Evaluate -9 + 0 + (13 - 9) - (2 + -16).
9
Calculate 55 + (28 - 44) + -6.
33
What is (1 - -8) + (-28 - (-35 + 21))?
-5
Evaluate (20 - 49) + 11 + 0 + 8.
-10
What is the value of -16 - (2 + 10 + -8 + 4) - 1?
-25
Evaluate (-4 - (9 - 4)) + 16.
7
What is the value of 15 + (28 - 17) + -22?
4
Evaluate (2 - -4) + (0 - 5 - 0).
1
Evaluate (-11 + 8 - (-7 + -1)) + -17.
-12
Calculate 0 + 1 + (-3 - -1) - (226 + -228).
1
What is the value of -9 - (12 + -7 - (13 - 5))?
-6
Evaluate -14 + 5 + -13 + 25.
3
What is the value of -1 + 14 - -2 - 26?
-11
169 - 152 - (70 + -13)
-40
Calculate -1 - (14 + (-10 - 8)) - (-3 - 1).
7
Calculate 5 + -2 + (-36 - -26 - (6 - 8)).
-5
Calculate -15 + 0 - (2 - (36 - -5)).
24
-19 + 1 + (-176 - -190)
-4
What is the value of 3 - ((6 - -9) + (3 - 1))?
-14
Calculate -15 + (-11 + (-4 - -52) - 3).
19
Calculate -11 + (3 - (-8 + 6)).
-6
Evaluate (-21 - 7 - -20) + 13.
5
What is -33 - (36 - (73 + 18))?
22
Calculate (-50 - 15) + 36 + 7.
-22
(0 - 11 - 2 - 2) + -2
-17
Calculate -17 - -1 - (-66 - -62) - -9.
-3
Calculate 18 + -11 + -3 + -3.
1
-9 - ((-12 - -18) + (-9 - 5))
-1
-2 - (-12 + -23 + 7)
26
(-37 + 14 - -14) + -11
-20
Evaluate (-11 - 7) + 8 - 5 - -6.
-9
-2 + (4 - (-8 + (8 - 9 - -13)))
-2
Calculate 49 + -14 - (1 + (11 - -1)).
22
Evaluate 1 + 10 - (1168 + -1187).
30
What is the value of -4 + 7 + (4 - (3 - -8)) + 6?
2
-3 + 11 + ((-9 - -3) + 6 - -3)
11
What is (-28 - 0) + 29 - (0 - 31)?
32
What is 25 + -28 - (4 - (3 + 2))?
-2
Calculate -5 - (9 + 5 + -22).
3
What is (4 - 1 - 3) + 0 + -13?
-13
Evaluate -297 - -294 - (-1 - 16).
14
What is -8 + 15 + -9 - -18?
16
(31 + -25 - 14) + (6 - 3) + -3
-8
Evaluate (29 - 1) + -65 + 61.
24
What is (11 + (-9 - -2) - (-8 + -20)) + -5?
27
What is -2 + 0 + (-32 - -9) + 21?
-4
What is the value of -3 + -1 - (74 + -99 + -4)?
25
What is (-15 - -31) + -18 + 3 + 0?
1
Calculate 19 - (-3 - (-59 + 28)).
-9
Calculate -10 + (21 - 6) + -4.
1
0 - -10 - 1 - (27 - (-2 - -29))
9
Calculate 1 + (6 + -3 - 6) + (-55 - -51).
-6
Calculate -1 + (-2 - -6) + -10 + (3 - -10).
6
(-2 - -5 - (9 - 0)) + 8 + -13
-11
What is the value of 1 + -1 + 10 + -3 + -8 + 4?
3
What is the value of 13 - (-7 + (15 - 10))?
15
0 - -1 - 34 - (-72 - -59)
-20
What is the value of -2 + 0 + -17 + (-7 - -8 - -3)?
-15
What is the value of (1 - 0) + 67 + -102?
-34
Calculate (-2 - 4) + -12 + 18.
0
What is the value of (4 - 0) + 1 + -7 + 11 + 1?
10
Evaluate -5 + 0 - (517 - 522).
0
Evaluate (-7 - 5) + (197 - 163).
22
What is the value of -1 + -10 - 15 - -19?
-7
Evaluate 9 + (-1 - 5 - (11 - 1)).
-7
Calculate (-3 - (17 - 17) - (-1 - 0)) + -10.
-12
Calculate (-6 - -21 - 13) + 26 - 6.
22
3 + -2 - (-29 + 77 - 49)
2
What is the value of -15 + 3 + 0 + (28 - 19) - 20?
-23
What is -5 + -20 + 14 - -5?
-6
-11 + (0 - 7) + (-37 - -16) + 19
-20
What is 1 + 0 + 5 - (-49 + (-27 - -73))?
9
Calculate -295 + 286 + (-8 - 0 - -1).
-16
Evaluate -5 - (-4 + 2 + -2 + 1 + -20).
18
Calculate -4 + (-15 - (-18 - -9)).
-10
6 + -7 - (2 + 0) - -3 - -6
6
What is (-4 - (-11 - -7)) + (4 - 4)?
0
What is 10 + (38 - 38) + (2 - 17)?
-5
Calculate 506 + -490 - (0 + 2).
14
Calculate -9 + 1 + -9 + 29.
12
What is -6 - (-5 - (4 - (5 - 0) - -6))?
4
0 + 8 + -3 + (0 - -8) + -1
12
Evaluate (-8 - -1) + 542 + -504.
31
Evaluate -1 + 2 - (-311 - -279).
33
What is the value of -115 + 131 - (0 - -5)?
11
What is 37 - (23 - 14 - -10)?
18
Evaluate -9 + 40 + 19 + -33.
17
4 + -1 + -7 + -5
-9
Evaluate (-27 - -14) + 13 - -3 - (-17 + -1).
21
(0 - 1) + (-192 - -194)
1
What is 2 - (1 - 0) - (13 - -3 - 8)?
-7
Calculate (28 - 19) + -7 + 4.
6
Evaluate 11 + (-35 - (-43 + 21)).
-2
What is 13 + (-8 - 11 - 5)?
-11
(5 - 33) + (1 - -16)
-11
Calculate -35 + 10 + 7 + 19 + 18 + 2.
21
Evaluate (45 + -20 - 11) + (-1 - -10).
23
Calculate (35 - (15 - -18)) + 27.
29
0 - 36 - (-1089 - -1045)
8
-3 + (3 - (18 + -16 - (1 - 5)))
-6
What is the value of (12 - 1) + 1 + -19 + 16 + 4?
13
Calculate (-6 - 3) + 0 - (-16 + 28).
-21
What is 8 - ((4 - 3) + -2 + -30 + 23)?
16
What is -1706 + 1691 - (-1 + -17)?
3
Calculate -19 - (15 + (26 - 43)).
-17
What is the value of -2 + 25 + (6 - 17)?
12
Evaluate -5 - (-2 + (-1 + 6 + -5 - -4)).
-7
What is 16 - ((1 - (15 + -9)) + 2)?
19
What is the value of 16 + (13 - 13) + -7?
9
What is 20 + 8 + (-3 - (7 + -1)) + -7?
12
Evaluate (10 - 18) + -9 - -9 - 2.
-10
Calculate 12 + -19 + (5 - (4 - 2)).
-4
Calculate 3 + (-29 - 3) - -9.
-20
Evaluate -15 - ((16 - 15) + -22).
6
26 + (-38 - 1) - (5 + -1)
-17
What is the value of -22 - -8 - (-16 + 0 + -14)?
16
What is -6 - 0 - (-16 - (-27 - -17))?
0
What is the value of -18 + (-1 - -2) + (1 - -6)?
-10
Evaluate 0 - (0 + 0) - (-15 - (16 - 18)).
13
What is the value of -23 - (9 + -4 + (-13 - -4))?
-19
What is (-5 - (-38 + 50)) + (-5 - 0)?
-22
What is (38 - 9 - 4) + -8?
17
(-5 - (6 - (9 + (11 - 21)))) + 43
31
Evaluate -479 - -455 - (-40 - -1).
15
What is the value of 22 + (51 - 55 - (-2 - 4))?
24
8 + -14 + 12 + 7 + -8
5
What is the value of 3 - 4 - 39 - -65?
25
What is the value of -2 - -14 - ((1 - (7 - 14)) + -7)?
11
Evaluate -11 - (11 - 0 - 17).
-5
What is -17 + 24 + -12 - (-21 + 5)?
11
What is the value of 349 + -348 - ((-2 - 0) + 12)?
-9
What is 57 + (0 - -44 - 73)?
28
Evaluate 18 - (3 - (-13 - (-8 + -13))).
23
Calculate (6 - (-3 - -9) - 8) + -12.
-20
What is the value of -19 - -35 - (5 + -18) - 4?
25
Evaluate 7 + -43 + 16 + 15.
-5
What is the value of 1 - -1 - (-18 - -24)?
-4
Evaluate 30 + -28 + -19 - -28.
11
What is the value of 1 + (3 - 0) + -10?
-6
What is -5 + (-13 - -29) + -3 + -4 + 1?
5
What is the value of (14 - 14) + 3 + -9 + 0?
-6
Calculate -20 - ((-2 - -8) + -15).
-1